, what is -414556 - -443?
-414113
In base 10, what is -7656 + 6561?
-1095
In base 10, what is -15087312 + -6?
-15087318
In base 3, what is -1 - 100012122120110?
-100012122120111
In base 13, what is -9281060 - -1?
-928105c
In base 6, what is -14335320 + -1250?
-14341010
In base 7, what is 12112 + -64601?
-52456
In base 9, what is 61 + -22662208?
-22662137
In base 2, what is 0 + 110100010000001000?
110100010000001000
In base 8, what is -2671337 + 22?
-2671315
In base 7, what is 22626245 - 0?
22626245
In base 13, what is -4b96935 - -8?
-4b9692a
In base 2, what is -1110000100000001011010111101 + -100?
-1110000100000001011011000001
In base 16, what is 101d - -1c7b7?
1d7d4
In base 7, what is 41436306323 + -1?
41436306322
In base 10, what is -881454 + -193?
-881647
In base 3, what is -10001201211222 + -11?
-10001201212010
In base 15, what is -208 + -92579?
-92782
In base 15, what is ea - c94a?
-c850
In base 7, what is 2 + 154132136?
154132141
In base 15, what is -5 - -111cbc83?
111cbc7d
In base 16, what is b + 5928b1?
5928bc
In base 8, what is -3 - -73451526?
73451523
In base 13, what is 9 - -416263?
41626c
In base 3, what is -122010 - 2211112?
-10110122
In base 9, what is -1062454408 + -4?
-1062454413
In base 3, what is -11121 + 102211112?
102122221
In base 13, what is 50ab + -267?
4b44
In base 2, what is -1 + 100111001010001000101?
100111001010001000100
In base 8, what is 14 + -44726400?
-44726364
In base 11, what is 1771 + -2138?
-477
In base 10, what is 2 - -2077858?
2077860
In base 5, what is 3 - -211431104212?
211431104220
In base 6, what is -10341045440 + -3?
-10341045443
In base 6, what is -213 + 15110350?
15110133
In base 15, what is -34a - -3d10?
39b5
In base 2, what is 11001111111010011 + 101000011?
11010000100010110
In base 10, what is 2613606 + -22?
2613584
In base 8, what is -6 - -44655355?
44655347
In base 16, what is -6fc + -328a?
-3986
In base 8, what is -137304 + -2?
-137306
In base 15, what is -8 - 10d39a?
-10d3a3
In base 5, what is 203 - 410340?
-410132
In base 6, what is -25055330 + 241?
-25055045
In base 13, what is -35824a - -27?
-358223
In base 8, what is 165 + 111426?
111613
In base 11, what is -1 - 61a209?
-61a20a
In base 4, what is 13 + 2112210122?
2112210201
In base 4, what is 2333 - -12002032?
12011031
In base 2, what is 101111100000110 + 1101100?
101111101110010
In base 12, what is 6b5 + -6b17?
-6422
In base 13, what is -47ba8 - -571?
-47637
In base 4, what is -20231 - -13022133?
13001302
In base 2, what is -11100001100001010 + 0?
-11100001100001010
In base 9, what is 16 + -38136744?
-38136727
In base 15, what is -1d2a + 114?
-1c16
In base 14, what is 20b0c26 + -1?
20b0c25
In base 15, what is -2114c + -242?
-2138e
In base 12, what is b1 - -a345a?
a354b
In base 9, what is 6405063 - 4?
6405058
In base 11, what is -6 - -18102262?
18102257
In base 11, what is 4a42631 - a?
4a42622
In base 15, what is 80 + -b0ac2?
-b0a42
In base 5, what is 203342400 - 4?
203342341
In base 6, what is -231300553 + -3?
-231301000
In base 14, what is -113ad - -135?
-11278
In base 15, what is -2 - 232b8a4?
-232b8a6
In base 9, what is 100103 - -4110?
104213
In base 7, what is -4051150 + 334?
-4050513
In base 10, what is -17 - -1194058?
1194041
In base 15, what is -d + 1e229db?
1e229cd
In base 8, what is -31756 - -106245?
54267
In base 7, what is 166640 - -234?
200204
In base 6, what is 13 + -3422101101?
-3422101044
In base 11, what is -324826 + 28?
-3247a9
In base 11, what is -3267867 - -6?
-3267861
In base 6, what is 500 + -54525214?
-54524314
In base 8, what is 1 - -36544524?
36544525
In base 2, what is 111010100 - -100110001?
1100000101
In base 9, what is -50 + -1064275?
-1064335
In base 14, what is 21990 + 9?
21999
In base 7, what is -24300230 + -4?
-24300234
In base 11, what is -766085 - 1?
-766086
In base 9, what is -43434 + -3707?
-47242
In base 16, what is 3a + 9b73b?
9b775
In base 11, what is -63a1758 - -1?
-63a1757
In base 2, what is 11 + 111011001111001110111?
111011001111001111010
In base 11, what is 5a58 + 5311?
10269
In base 9, what is -201 - 1471455?
-1471656
In base 5, what is 3 - -4210410444?
4210411002
In base 14, what is 2d8124 + -9?
2d8119
In base 5, what is -4 + 104012022024?
104012022020
In base 8, what is -25165 + -3067?
-30254
In base 5, what is 2024 - -33344030?
33401104
In base 5, what is 304010322240 + 2?
304010322242
In base 10, what is -8162 + 57?
-8105
In base 13, what is -365c + bc6?
-2766
In base 13, what is -2027 - 4791?
-67b8
In base 13, what is 1 - -219c796?
219c797
In base 9, what is 441 + 162174?
162625
In base 13, what is -b986a581 - 3?
-b986a584
In base 12, what is -1b3 + -99230?
-99423
In base 12, what is 5 + -32782b73?
-32782b6a
In base 16, what is -2d36ecd - 0?
-2d36ecd
In base 14, what is -114497 - -c?
-114489
In base 6, what is -204 - 3110105?
-3110313
In base 6, what is -3 - -13515140120?
13515140113
In base 9, what is 5 - -85838051?
85838056
In base 4, what is -21332021 - 12113312?
-100111333
In base 16, what is 2cece - 33?
2ce9b
In base 7, what is 3424 + 16031?
22455
In base 7, what is 323164 + -34?
323130
In base 9, what is 41066603 - 0?
41066603
In base 7, what is -23143 - 13566?
-40042
In base 10, what is -5 + -52962996?
-52963001
In base 14, what is -9d8ad + 31?
-9d87c
In base 11, what is 32726 - 5197?
2853a
In base 9, what is -1 - 111434511?
-111434512
In base 3, what is 221 + 10011100002010?
10011100010001
In base 12, what is 61 - -a3425?
a3486
In base 8, what is 614061 + 257?
614340
In base 6, what is -3 - 5113454222?
-5113454225
In base 7, what is -22005 - 1502?
-23510
In base 14, what is 4d - -2444d81?
2444dd0
In base 10, what is -4 + 220394500?
220394496
In base 10, what is 669461 + -7?
669454
In base 16, what is 889def + -70?
889d7f
In base 6, what is -41254515 - -31?
-41254444
In base 2, what is 11 - 1001010001010011101010011100?
-1001010001010011101010011001
In base 13, what is -524 - 72c61?
-73485
In base 10, what is -12000310 + 12?
-12000298
In base 4, what is -2203112012311 + 20?
-2203112012231
In base 3, what is 201221100201120 - 10?
201221100201110
In base 16, what is -4 - -9a210ed?
9a210e9
In base 16, what is -1502327 - 2?
-1502329
In base 6, what is -12121030 + -541?
-12122011
In base 16, what is 35fbc + 2?
35fbe
In base 15, what is 2 + 13a212?
13a214
In base 2, what is -1100101000 - 1001010110001010101?
-1001010111101111101
In base 2, what is 111001 - -1110001101011111?
1110001110011000
In base 7, what is -16032062 + 1016?
-16031043
In base 15, what is -adee1b8 - 0?
-adee1b8
In base 4, what is -1032 + -1010010?
-1011102
In base 12, what is 130b22 - -502?
131424
In base 8, what is -35425 - -3250?
-32155
In base 10, what is -607 - -762?
155
In base 13, what is 1c + -157a38?
-157a19
In base 10, what is 5 + 505329?
505334
In base 2, what is 10111011101100011100 - -100010?
10111011101100111110
In base 9, what is 1668103 - 3?
1668100
In base 11, what is -566981 + -73?
-566a44
In base 11, what is -560 + -30256?
-30806
In base 8, what is 70661522 - -3?
70661525
In base 12, what is 44b7669 + 18?
44b7685
In base 13, what is -29 - 1466a13?
-1466a3c
In base 5, what is -241300241 - -1?
-241300240
In base 2, what is 1111101000000 + -1101111001?
1101111000111
In base 15, what is 41e00 + -5?
41dea
In base 3, what is 1 - -110100002122120?
110100002122121
In base 12, what is -57 - 242a9?
-24344
In base 11, what is -1a + -112763?
-112782
In base 6, what is -3543005 - 15?
-3543024
In base 8, what is -6265 + 44261?
35774
In base 4, what is 22013001021 + -2121?
22012332300
In base 6, what is -50 - -22553155?
22553105
In base 5, what is -2 + -2314211420?
-2314211422
In base 11, what is 357 - 21079?
-20822
In base 5, what is 4 - 22220302140?
-22220302131
In base 5, what is 123434 + -124?
123310
In base 5, what is 2 - 2030113303?
-2030113301
In base 16, what is -138e + aef?
-89f
In base 3, what is -111101 - -2220020010001?
2220012121200
In base 8, what is -2520143 + -23?
-2520166
In base 8, what is 3417436 - -61?
3417517
In base 6, what is -21003141451 - -1?
-21003141450
In base 11, what is -2206 + -206?
-2411
In base 11, what is 342 - -2008?
234a
In base 13, what is 180b635 - 5?
180b630
In base 6, what is 24150045 - -105?
24150154
In base 13, what is 13a - 1393?
-1256
In base 9, what is 5 - 680480561?